erivative of u**5/60 + u**4/24 - u**3/2 - u**2. Let w be x(0). What is the units digit of 2*1*(-3)/w?
2
Suppose 0 = -3*y - 4*h + 6 + 10, 2*y - 2*h - 6 = 0. Suppose -6 = -y*c + 3*g - 2*g, -g = 2. What is the units digit of (4/(-14))/(c/(-7))?
2
Let n be (-1)/((-6 - -3)/6). Suppose n*b = -4*g + 178, 4*g + b - 160 = 5*b. What is the tens digit of g?
4
Let a(q) = -q**3 + 9*q**2 + 2*q - 3. Let k be a(9). What is the units digit of k/21 - 2/(-7)?
1
Suppose 4*o = 10*o + 24. Let s(w) be the first derivative of w**3/3 + 3*w**2/2 + 6*w - 1. What is the tens digit of s(o)?
1
Let l = 8 - 12. Let v = l - -5. What is the units digit of 0/(-7) + 3/v?
3
Let z be ((-12)/(-8))/((-3)/(-10)). Suppose 4 = z*v - 16. Suppose v = n - 5. What is the units digit of n?
9
Let v = -102 - -141. What is the tens digit of v?
3
Suppose t = -c + 17, t + 4*c - 1 = 16. What is the tens digit of t?
1
Let z = 8 + 64. What is the units digit of z?
2
Let r = 20 + -14. Suppose r*q = 2*q + 52. What is the tens digit of q?
1
Suppose -5*b = -47 + 12. Let a = -3 + b. What is the units digit of a?
4
Let f be 1 + -1 - 0/2. Let h(r) = -r + 12. What is the units digit of h(f)?
2
Let s(c) be the first derivative of -c**4/12 + 5*c**3/6 + 3*c**2/2 - 3. Let h(u) be the second derivative of s(u). What is the tens digit of h(-7)?
1
Let j = -1 + -2. Let t = 15 - j. What is the tens digit of t?
1
Let h(j) = -j**3 - 5*j**2 - 2*j - 7. Let g be h(-5). Suppose g*y + 2*y + 8 = i, -3*i + 4 = 5*y. What is the units digit of i?
3
Let n(z) = -73*z + 13. Let p(f) = 24*f - 4. Let b(a) = -2*n(a) - 7*p(a). What is the tens digit of b(-1)?
2
Let w be (111/15)/((-3)/(-15)). Suppose -4*o + 1 = -5*o, 2*n - 5*o = w. What is the units digit of n?
6
Suppose -2*c + 204 = 4*b, -5*b - 7 = 13. What is the hundreds digit of c?
1
Let f(r) = -r**2 - 23*r + 14. What is the hundreds digit of f(-14)?
1
Let g be 0 + -2 + 4 + -41. Let r = g - -58. What is the units digit of r?
9
Let u(q) = -q**2 + 8*q - 3. What is the tens digit of u(5)?
1
Let c(z) = 1 + 0 - 9 - 6*z - 4*z - z**2. What is the units digit of c(-7)?
3
Let c be (-3 + -2)*(-2)/2. Suppose -2*j + c*y + 19 = 0, 0*y - 50 = -4*j - 2*y. What is the tens digit of j?
1
Suppose 6*u = 11*u. Let y(v) = -v**3 + v**2 + 8. Let n be y(u). What is the tens digit of (25/10)/(2/n)?
1
Suppose 0 = -w - 1 + 3, 0 = -2*u + 4*w + 232. Suppose -14*k = -17*k + u. What is the tens digit of k?
4
Let u = 107 + -71. What is the units digit of u?
6
Suppose 2*w + 3*w = 925. What is the tens digit of w?
8
Let f = 7 - 3. Suppose f + 11 = k. What is the units digit of k?
5
Let x(u) = 6*u + 1. Let a be x(1). Let i be (-90)/21 - (-2)/a. Let r = 5 + i. What is the units digit of r?
1
What is the units digit of (-78)/(-21) + (-2)/(-7)?
4
Let s(v) = -v**2 + 12*v - 15. Suppose h - 4*h = -30. Let z be s(h). Suppose -4*d - 2*i = -34, -d - 7 = z*i - 2. What is the tens digit of d?
1
Suppose 0 = g - 3*h - 4, -5*g - h = 2*h - 2. Let x(m) = -m - 2. Let r be x(-3). What is the units digit of r - (3 - g) - -8?
7
Let x(o) = -8*o - 1. Let q = 3 + -4. Let u be q/(0 + (0 - -1)). What is the units digit of x(u)?
7
Let s(p) = p**2 - 17*p + 15. What is the units digit of s(-9)?
9
Let o = 173 - 120. What is the tens digit of o?
5
Suppose -q - 53 = -5*t, 7 = 6*t - 5*t - 2*q. What is the units digit of t?
1
Let b = 33 - 22. Let h = b - 6. What is the units digit of h?
5
Suppose s = 3*s - 10. Suppose -2*j = -3*f + 4, -4*f = j - s*f. What is the units digit of j?
4
Let n(x) = 2*x**2 - 8*x + 13. What is the units digit of n(6)?
7
Let p(l) = -l**3 + 6*l**2 - l. Let d = -3 - -8. Let x be p(d). Suppose 0*b + x = 4*b. What is the units digit of b?
5
Let j(c) = -c**2 - 5*c + 9. Let n be j(-6). Suppose 7 = -n*d + 37. What is the units digit of d?
0
Let g(j) = j**3 + 9*j**2 - 11*j - 2. Let f be g(-10). Suppose f*b - 4*b - 44 = 0. What is the tens digit of b?
1
Suppose -2*l = 3*h - 16, -5*l + 16 + 46 = 2*h. Suppose -2*g + l = n - 26, 38 = 3*g - 4*n. What is the tens digit of g?
1
Suppose 6*f - 357 = 351. What is the hundreds digit of f?
1
Suppose 6*m + 8*m = 3206. What is the tens digit of m?
2
Let w = 364 - 233. What is the hundreds digit of w?
1
Suppose -8*t = -696 - 528. What is the units digit of t?
3
Let y(z) = 6*z - 2. Let g be 6/(-4) + 3/(-6). Let w = g + 4. What is the tens digit of y(w)?
1
Let d(s) = s**3 - 9*s**2 + 9*s - 7. Let g be d(7). What is the units digit of 2/7 - 156/g?
4
Suppose 4*p + 3*g - 406 = 0, -3*p = -3*g + 86 - 380. What is the hundreds digit of p?
1
Let w = 9 + 15. Suppose 4*o = 5*h + 42, -3*o - 2*h - 4 = -w. What is the units digit of o?
8
Let h(f) = f**2 + 5*f + 4. Let u be h(-5). Let x(z) = 5*z**2 + 5*z**2 - 5 + 4*z**2 - z**3 - 10*z**2 + 3*z. What is the units digit of x(u)?
7
Suppose 2*a - i = 3*i - 8, -4*a + 2*i = 22. What is the units digit of (1/(-2))/(a/516)?
3
Let o(x) = 5*x**2 + 9*x + 8. What is the units digit of o(-7)?
0
Suppose 4 = -2*j, -5*r + 0*r - 2*j - 589 = 0. What is the units digit of r*(28/(-12) + 2)?
9
Let o = -21 - -89. What is the units digit of o?
8
What is the units digit of ((-117)/6)/((-9)/12)?
6
Suppose 4 + 6 = 5*f. Suppose -2*a - 22 = -4*u - 0, -f*u + 16 = -2*a. Suppose -17 - 13 = -u*k. What is the tens digit of k?
1
Let x be -4*(3 - 2)/(-1). Let c be (-6)/(x/(-2)) - 5. What is the units digit of (-1)/2 + (-15)/c?
7
Let m be 4 - ((-1 - 0) + -1). Let s = 4 - m. What is the units digit of (30/25)/(s/(-10))?
6
Suppose -7 = 5*v - 2. Let d(x) = 2*x**3 - 2*x**2 + x + 2. Let r be d(-1). Let p = v - r. What is the units digit of p?
2
Let k be -2 - -1*(-3 + 17). Suppose 7*p - 4*p = k. What is the units digit of p?
4
Let a be ((-104)/(-2) - 2) + -2. Let j = a - 31. What is the units digit of j?
7
Let q(u) = -10*u + 2 + 2*u**3 - u**3 + 3 - 9*u**2. Let h be q(10). Suppose h*l - 30 = 3*m, -3*m - 6 = -l - 4*m. What is the units digit of l?
6
Suppose 3*o + 2*v = v + 22, o - 5*v = 34. Suppose -4*a + 3*c - 6*c - o = 0, 17 = -2*a + c. What is the tens digit of (-5)/(-15) - 64/a?
1
Let q = 13 - 2. Suppose 0 = c - q - 1. What is the units digit of c?
2
Suppose 2*k + 3*c + 257 = 4*k, 2*k - 4*c = 262. What is the hundreds digit of k?
1
Let r(g) = g**3 + 8*g**2 + 6*g - 9. Let z be r(-7). What is the tens digit of 24/2 - (0 - z)?
1
Let n(x) = 3*x**2 + 2*x + 3. Let h be n(-2). Suppose -5*r - 4*u = -101, h = 2*r + 3*u - 35. What is the tens digit of r?
1
Suppose 0*h + 3*h - 14 = -4*r, -r = -2. Suppose -3*y + 7*z = 2*z - 27, -5*y = -z - 23. Suppose u - 4*k = -11, -h*u + y = -u - k. What is the units digit of u?
9
Suppose -4*o + 26 = -5*o. Let p = -17 - o. What is the units digit of 7/p + (-2)/(-9)?
1
Suppose 0 = 3*x - 2*x + 2*i - 12, i - 11 = -3*x. Suppose 0 = -x*u - 3*s + 19, -u + 5 + 6 = 3*s. What is the units digit of u?
8
Suppose -11*h = -7*h - 132. Suppose -3*g - g + 204 = 0. Let c = g - h. What is the tens digit of c?
1
Suppose -c = -5*a - 33, -a - 3*c + 5*c = 3. What is the units digit of -2 - (-3)/1 - a?
8
Let g be (-2)/10 + 132/10. Suppose q = -3 + g. What is the tens digit of q?
1
Let f = -3 - -6. Let h = 0 + f. Let z = 2 + h. What is the units digit of z?
5
Let s(p) = 2*p**2 - 6*p + 7. What is the tens digit of s(6)?
4
Let v(y) be the second derivative of -y**4/12 - 2*y**3/3 - y. Let n(s) = s**3 + 5*s**2 - 6*s - 3. Let g be n(-6). What is the units digit of v(g)?
3
Suppose -6 = -5*z + 44. Let i be (-4)/(-5) - (-2)/z. Let u = i - -5. What is the units digit of u?
6
Let p = 8 - 7. What is the units digit of p?
1
Suppose -v - 8 = -5*v. Suppose -k - 19 = v*s + 5, -3*s + k - 36 = 0. What is the units digit of (s/8)/((-3)/20)?
0
Let c = -9 + 15. Let f = c + -1. Suppose f*y - 135 = -50. What is the units digit of y?
7
Suppose -5*n = -8 - 7. Let w(h) = 2*h**3 - 2*h**2 + 5*h - 8. Let q(u) = -u**3 + u**2 - 2*u + 4. Let s(i) = -9*q(i) - 4*w(i). What is the units digit of s(n)?
8
Let g = 14 + -12. Let x = g - -8. What is the tens digit of x?
1
Let i(s) = -s**2 + 5*s + 13. What is the units digit of i(6)?
7
Suppose 5*c - 5 = 0, c = p + 4*c - 23. Suppose s = -i + 38, 4*i + 13 = s - p. What is the units digit of s?
7
Let c(y) be the second derivative of y**3/2 - 4*y. Let x be c(-12). Let i = -21 - x. What is the units digit of i?
5
What is the units digit of (810/(-75))/(4/(-30))?
1
Suppose -5*f + 7 = 2. Le